*q - 2*m + 53668, 7*q - 3*m = 5*q + 53653. Is q a composite number?
True
Let w(l) = l**2 + 6*l + 1. Let d be w(-6). Let z = d - -10. Let x(s) = -s**3 + 11*s**2 + 6*s - 13. Is x(z) prime?
True
Let q(t) = 31*t**3 + 3*t**2 - 5*t - 4. Let g be q(-3). Let i be (5 - g)*(2 + -3). Is (-2)/6 + i/(-9) prime?
True
Let o be 0 - (-2)/(-10) - (-402486)/(-70). Is 1*(o - -5)/(-5) a composite number?
True
Is 4545 + -2 + (5 - 13) a composite number?
True
Let g = 173349 - 116012. Is g a prime number?
False
Let c(g) = -2*g**2 + g + 14107. Is c(0) a composite number?
False
Let m be 241*4/(-4)*-1. Suppose 0 = -2*s + 157 + m. Is s composite?
False
Let r(v) = -7*v - 11. Let t be r(-7). Suppose 595 = 43*u - t*u. Is u a composite number?
True
Let x = 23 + -25. Let n = 67 - x. Is n composite?
True
Let j = -13 - -11. Is -137*(j + -3 + 0) a prime number?
False
Suppose -4*t - 4*c - 190 + 1362 = 0, -2*c = -4*t + 1172. Suppose -v - t = -2*v + 2*q, 5*q = v - 302. Is v a prime number?
False
Suppose 3737 = 3*k + 2*d, -3*d = -21*k + 17*k + 4994. Is k a composite number?
True
Let d(k) = -10*k**3 - k**2 - k - 1. Let l be d(-1). Suppose 0 = -3*w + l*w - 978. Is w composite?
False
Let g be (824/(-6))/((-4)/6). Let q = g + 1113. Is q prime?
True
Let t be 5/(-25) + 87/(-15) - -117. Suppose -24 - 40 = 2*d - k, d + 32 = k. Let f = d + t. Is f a composite number?
False
Let r = -8 - -11. Suppose -2953 - 4874 = -r*s. Is s composite?
False
Let n(z) = -13*z**3 + 7*z**2 + 6*z - 15. Let a(k) = -19*k**3 + 11*k**2 + 9*k - 22. Let q(p) = 5*a(p) - 7*n(p). Is q(-4) composite?
True
Suppose 3*y = 9, 33*q - 4*y = 30*q + 6726. Is q prime?
False
Let n(l) = -l**2 + 2*l. Let w be n(5). Let s be ((-9)/(-15))/((-3)/w). Suppose 0 = -5*y + 3*r + 329, -3*y + s*r + 205 = 5*r. Is y a composite number?
False
Let v = 149656 - 98625. Is v a composite number?
False
Suppose -3*v + 36 = 4*d - 142, 5*d - 3*v - 209 = 0. Is d composite?
False
Let y = -11746 - -20633. Is y a composite number?
False
Let l(s) = -61*s**2 + 6*s + 3. Let g(w) = -30*w**2 + 3*w + 2. Let b(q) = -5*g(q) + 2*l(q). Is b(-3) composite?
False
Suppose 4 + 0 = 4*r. Is (-6 + -1471)/(-2 + r) prime?
False
Let v = 153 - -73. Is v/(-2 + 3) + -3 a composite number?
False
Let f(w) = 3*w + 1. Let m be f(-2). Let h(j) = 11*j**2 - 6*j - 6. Is h(m) prime?
False
Let l(i) = i**3 - 5*i**2 + 4*i + 4. Let q be l(4). Suppose 4*u + 0*u = -q. Is u + (-3 - (-123)/3) composite?
False
Suppose -4*s = 3*x - 3*s - 20715, 3*s - 13803 = -2*x. Suppose t = 7*t - x. Is t prime?
True
Suppose 204 = 16*r - 740. Is r prime?
True
Let u(x) = -133*x**2 + 2*x + 13. Let q(p) = -67*p**2 + p + 7. Let j(n) = 11*q(n) - 6*u(n). Let i be j(-1). Suppose 5*r = -i + 251. Is r prime?
False
Let f(t) = t**3 + 6*t**2 + 5*t - 2. Let m be f(-4). Suppose 2*s + m = 7*s. Suppose -s*q + 1148 = 2*q. Is q a composite number?
True
Let i = -106 + 109. Suppose 5423 = i*x - 5*k, 2*x = 3*x - 4*k - 1803. Is x a composite number?
False
Let u(d) = 11*d - 20. Let m be u(18). Suppose m = -4*o - 218. Let l = 122 - o. Is l a prime number?
False
Let v(u) = 2031*u**2 - 11*u + 1. Is v(-2) composite?
False
Let l(x) = -x**3 + x**2 + 2*x + 2195. Is l(0) prime?
False
Suppose 4*i = 3*a + 19521, 14644 = 3*i + a - 0*a. Suppose -i = -3*x + 1920. Is x a prime number?
True
Let p = 459 - 370. Is p a prime number?
True
Let d = 14729 - 9868. Is d a composite number?
False
Let y(v) = v**3 - 5*v**2 - 12*v - 43. Is y(16) composite?
True
Let r(y) = 130*y**2 - 3*y - 12. Is r(-2) prime?
False
Let f = -122 + 147. Is (-2)/8*(-515300)/f prime?
True
Suppose -5*z - 4*k = -6, -z + 4*z + 3*k = 3. Let c(d) = 29*d**2 + 3*d. Is c(z) a composite number?
True
Let m = -8747 + 12540. Is m a prime number?
True
Let j(a) = 6*a**3 - a**2 - 1. Suppose -w = o - 6, -2 = -o - 2*w - 3*w. Let s be j(o). Suppose 8*y - s = 4*y. Is y prime?
False
Suppose -10*o + 92163 = 24833. Is o composite?
False
Let x be 113 - (0 - 1/1). Let z = x - 68. Suppose b + z - 269 = 0. Is b composite?
False
Suppose -3*l + 1776 = -0*l. Let y = 15 - 10. Suppose -y*k = -l + 37. Is k a prime number?
False
Let m(d) = -d**2 + 10*d + 15. Let k be m(11). Suppose -k*a + 1482 + 27 = -5*c, -5*c = 25. Is a composite?
True
Suppose 2*k + 12 = s, k + 4 = -3*k - 3*s. Let w be k/(-10) - (-345)/75. Is 1957/w - 8/20 a prime number?
False
Suppose 1245 = 2*m - 3*t, -3*m - 3*t + 2841 = 951. Suppose -4*p - g = -2088, -2*p + 423 = 2*g - m. Is p a prime number?
True
Suppose -17*r = -15*r. Suppose r = -3*s - s + 15628. Is s composite?
False
Let g(y) = y**3 - 5*y**2 + 6*y - 1. Let t(r) = -4*r**3 + 16*r**2 - 18*r + 3. Let l(x) = -7*g(x) - 2*t(x). Let f be l(6). Is (0 - -2)*f/2 a prime number?
False
Suppose -6 = 4*z - z. Let y(t) = t**2 - 4*t - 4. Let d be y(z). Is 3 - d/(1 + -3) a composite number?
False
Let p(j) = -3*j**3 + 26*j**2 + 7*j + 15. Let c be p(9). Is ((3 - 3) + 1)/(c/(-3561)) a prime number?
True
Let r = 62 - 106. Let n = r + 73. Let s = n + -18. Is s a composite number?
False
Suppose 4*i = 3*o - 83770 + 826065, 4*i - 742294 = 2*o. Is i a prime number?
False
Suppose 12*f - 3*f = 4050. Let r = f + 295. Is r prime?
False
Let u(y) be the third derivative of -83*y**4/24 + 17*y**3/6 - 11*y**2. Is u(-15) composite?
True
Is -2*(19215/(-10) - -4) + -2 composite?
False
Let d(x) = 38*x**2 + 11 + 2*x**3 + 16*x - 41 + 2 - 3*x. Is d(-17) a prime number?
True
Let o(g) = -g**3 - 7*g**2 + 3*g - 7. Let x be o(-7). Let t = 32 + x. Suppose a - 4540 = -t*p, 0*p + p = -3*a + 1135. Is p composite?
True
Is 67654/(22/33*3) composite?
False
Is 2172056/340 - 3/(-5) prime?
True
Suppose -733 = -q - 210. Suppose -2247 = -4*j - q. Is j a composite number?
False
Let n(g) = -2*g**3 + 5*g**2 + 17*g - 10. Let v be n(-8). Suppose 0 = 4*p - 3*r - 1864, 2*r = 3*p - v - 201. Is p a composite number?
True
Let p = -299 + 490. Is p a prime number?
True
Let o be ((-1)/3)/((1/1929)/1). Let f = o - -1082. Is f a composite number?
False
Is (-47)/((60/(-5622))/10) a prime number?
False
Let u = -1027 + 3806. Is u composite?
True
Suppose -5*o + 12 = -8. Let d be 733/o + (-4)/16. Suppose p = -5*w + 198, -5*p + 828 = 4*w - d. Is p a composite number?
True
Suppose -28099 = -2*f + 5555. Suppose -f = -10*n - 2117. Is n prime?
True
Suppose -c - 5*t = -8353, 2*c - t + 41765 = 7*c. Is 14/105 - c/(-15) a prime number?
True
Let z = -2 - -6. Let t(b) = -b**2 + 102*b - 1. Let y be t(41). Suppose y = 4*a - 4*h, 2484 = 3*a + a + z*h. Is a prime?
False
Let f(p) = 0*p**3 - p**2 - p**3 + 4*p**2 + 4 - 4*p**2. Let z be f(-2). Is ((-746)/(-8))/(2/z) a composite number?
False
Let q(f) = 7*f + 8*f**2 + 11 - 5 + 19*f**2. Let p be q(-4). Suppose p = 5*c - 4*l, 0 = -8*c + 3*c + l + 425. Is c composite?
True
Let v = 19 + -34. Let k = v + 17. Suppose 0 = b + h + k*h - 391, -5*b - 4*h = -1911. Is b prime?
True
Suppose -94 = -3*r + 17. Suppose -r*p + 1255 = -32*p. Is p a composite number?
False
Suppose 14*s = 1221 + 9881. Is s composite?
True
Let u = -686 - -1037. Suppose u = -5*h + 1096. Is h prime?
True
Suppose -12*o + 49480 = -139148. Is o a composite number?
True
Let g be 62/12 + (-10)/60. Let b(u) = -u - 1. Let k be b(-5). Let a = g + k. Is a a prime number?
False
Suppose 5*u + 2*x = -75, -4*u + u - 19 = -4*x. Let m = u + 20. Is (-2)/m + (-14601)/(-21) prime?
False
Let f = 27 - 24. Let u be 5743/9 + f/(-27). Suppose -u = -2*t + 5*p - 156, -3*t - p = -757. Is t a composite number?
False
Let i = -46651 + 84912. Is i a composite number?
False
Let z = 2003 + -1127. Suppose 0 = 5*t + 3*u - 4382, 0 = -0*t - t - u + z. Is t prime?
True
Let w(f) = -6*f + 13. Is w(-13) a prime number?
False
Let u be 1*(3/9 - (-2850)/(-18)). Let v = 384 + u. Is v prime?
False
Suppose 5*i - 6 = -4226. Is (-7)/(56/6)*i a composite number?
True
Let x(q) = -6*q**3 - q + 2. Let r be x(1). Is 3/((-15)/r)*7 prime?
True
Suppose 6 = -9*s + 11*s. Suppose 3*f = -s*j + 207 + 117, 5*f = -4*j + 437. Let m = j - 26. Is m a prime number?
False
Suppose 0 = 3*o, 3*o + 6 = 2*h - 24. Let q be ((-57)/5)/((-1)/h). Let d = q - 12. Is d prime?
False
Let z(s) = 3*s**3 - 7*s**2 - 5*s + 11. Is z(6) prime?
False
Let v(i) = -11*i**3 - 3*i**2 + 10*i + 7. Suppose -6*y = -y + 20. Is v(y) composite?
True
Let x(p) be the third derivative of -p**6/60 - p**5/6 + p**4/12 + p**3/2 + 7*p**2. Is x(-7) a prime number?
False
Let y(x) = -3 - 2